 (base 10) to base 9
-4016236
Convert -13558776 (base 10) to base 14.
-1b2d360
Convert 418347 (base 10) to base 4.
1212020223
1647761 (base 10) to base 15
22835b
What is -1210001020221 (base 3) in base 2?
-11100110111000100100
Convert -1052648 (base 9) to base 14.
-10a4d4
Convert 30b58 (base 13) to base 7.
513303
-1322233433 (base 5) to base 2
-1100101010110100011110
What is -1102220000211 (base 3) in base 4?
-2322320200
Convert -101102001202 (base 3) to base 9.
-342052
What is -3334230 (base 9) in base 12?
-726416
Convert 22561 (base 14) to base 2.
10100010110111001
What is -4ee827 (base 15) in base 13?
-a2b680
What is -10422331 (base 5) in base 14?
-2586c
31467 (base 13) to base 7
516300
Convert 1eefd9 (base 16) to base 13.
55cac1
What is 11000010010001110 (base 2) in base 5?
11140340
Convert 166b5 (base 15) to base 3.
10200022022
Convert 223540 (base 8) to base 11.
518a2
Convert 6137800 (base 10) to base 6.
335315424
What is 192766a (base 11) in base 16?
31c005
-20bb39 (base 12) to base 9
-868870
285715 (base 9) to base 16
2aadc
-70aba (base 12) to base 9
-243247
What is 3104243030 (base 5) in base 8?
30072750
What is a7290 (base 16) in base 3?
1021210012211
What is -455106 (base 7) in base 16?
-13c6b
Convert 225531 (base 9) to base 11.
92719
11210011100 (base 3) to base 13
33b1c
Convert 113221 (base 4) to base 14.
7a1
47881c (base 14) to base 4
21110213222
What is 1903c6 (base 16) in base 5?
404424431
Convert 55777 (base 8) to base 16.
5bff
What is 19668 (base 14) in base 2?
1111101101111100
Convert 36099c (base 13) to base 14.
256db1
What is -1110101000100001101 (base 2) in base 8?
-1650415
Convert 33122254 (base 6) to base 15.
148807
Convert -7ed910 (base 16) to base 4.
-133231210100
Convert -13779192 (base 10) to base 9.
-27831443
Convert 2543660 (base 9) to base 12.
56a876
Convert -110100101000010100101 (base 2) to base 9.
-3217611
What is -11002010121 (base 3) in base 15?
-18bc7
What is 11140706 (base 9) in base 11?
3059342
Convert -518064 (base 9) to base 11.
-1a01a4
Convert 2304110011 (base 5) to base 2.
10011100111111100111101
What is -179a87 (base 12) in base 4?
-1210113013
Convert -1bc111a (base 14) to base 9.
-28150282
b024c (base 14) to base 7
3411225
What is c2c22 (base 13) in base 3?
122201222200
What is 332491 (base 10) in base 16?
512cb
Convert -1221102102 (base 4) to base 8.
-1512222
What is 1045123 (base 7) in base 8?
374012
Convert -246b81 (base 12) to base 13.
-1799b0
-422517 (base 9) to base 6
-5214541
What is 24533016 (base 7) in base 3?
11011021111110
Convert -41311 (base 6) to base 8.
-12613
-243413 (base 7) to base 10
-44453
Convert -145137 (base 13) to base 14.
-cd053
Convert -1442075 (base 8) to base 4.
-1210100331
Convert -100102311302 (base 4) to base 8.
-20226562
What is -29b11f (base 16) in base 12?
-ab9253
What is -d2343e (base 15) in base 11?
-56aa314
351416 (base 10) to base 15
6e1cb
What is -101120103003 (base 4) in base 10?
-4555971
What is 383554 (base 10) in base 8?
1355102
-1d508 (base 16) to base 14
-31a88
Convert -1103242420 (base 5) to base 13.
-660380
Convert 442208 (base 10) to base 6.
13251132
What is 130300110333 (base 4) in base 14?
1003115
Convert -21622484 (base 9) to base 4.
-213323111131
-acc6b1 (base 14) to base 5
-3000422431
Convert 446bcd (base 14) to base 3.
11101001121020
What is -ca499 (base 13) in base 11?
-22a677
2212767 (base 10) to base 2
1000011100001110011111
Convert 13405 (base 7) to base 12.
2127
Convert -4334a0 (base 15) to base 14.
-5d454a
Convert -2345066 (base 7) to base 13.
-a52ba
What is 112222111211 (base 3) in base 5?
33414024
Convert 2482829 (base 10) to base 8.
11361215
-332333201 (base 4) to base 5
-31224032
Convert -31040231 (base 5) to base 16.
-3da96
What is -2306945 (base 10) in base 8?
-10631601
What is 3c0300 (base 16) in base 10?
3932928
Convert -4048597 (base 10) to base 2.
-1111011100011011010101
Convert b6c53 (base 15) to base 9.
1073426
Convert -310231200033 (base 4) to base 11.
-7888631
602204 (base 9) to base 14
939ca
Convert 111184 (base 15) to base 14.
172792
-22210111121 (base 3) to base 6
-3413324
Convert 34232344 (base 5) to base 11.
199460
3034124144 (base 5) to base 9
12530478
1cb8b3 (base 16) to base 5
440213131
Convert -178df (base 16) to base 13.
-34bb6
Convert -5521510 (base 7) to base 12.
-288211
-100001111100000100101 (base 2) to base 15
-16e7a1
Convert 443510 (base 6) to base 13.
13b87
Convert 180473 (base 10) to base 11.
113657
What is -36224246 (base 7) in base 4?
-30101100323
Convert 101000110000000000110 (base 2) to base 16.
146006
Convert 1010110330 (base 4) to base 15.
57dcd
What is 15247704 (base 8) in base 6?
202515044
-124a43 (base 11) to base 8
-600462
What is 6235477 (base 8) in base 16?
193b3f
Convert -110000110000011010 (base 2) to base 15.
-3e28b
Convert -2713112 (base 9) to base 5.
-340010230
-b4e4 (base 15) to base 14
-dd15
36813 (base 12) to base 3
10202011020
2634461 (base 7) to base 6
11221002
2270346 (base 9) to base 15
19392c
Convert 353416 (base 10) to base 13.
c4b2b
Convert 454299 (base 11) to base 12.
2aa54b
What is 101011100001010111001 (base 2) in base 7?
15056512
Convert -196802 (base 10) to base 4.
-300003002
Convert -1eb65a (base 15) to base 16.
-16fd7d
-22aa378 (base 11) to base 10
-4025392
What is 1010100001200 (base 3) in base 13?
17ba16
What is -94243 (base 11) in base 9?
-228406
-990b2 (base 15) to base 6
-14230435
Convert 61223236 (base 7) to base 6.
301140021
-100326 (base 14) to base 10
-538446
-513b6 (base 13) to base 9
-241722
What is 31cb5 (base 13) in base 11?
6172a
94542 (base 13) to base 2
1000001000111110000
What is 3414244 (base 7) in base 5?
102032303
Convert 12020000222211 (base 3) to base 8.
12455733
-37537 (base 12) to base 16
-1253b
-4327501 (base 8) to base 10
-1158977
Convert 11122000112200 (base 3) to base 16.
258c63
-3b7085 (base 13) to base 2
-101100000011011010010
What is 27451 (base 8) in base 4?
2330221
Convert 1000110021220 (base 3) to base 4.
2003323302
What is 8331d (base 16) in base 2?
10000011001100011101
What is 30040043 (base 8) in base 12?
2142483
Convert -112330000 (base 4) to base 3.
-11202212201
-909c04 (base 13) to base 2
-1100110101001001110010
-195945 (base 12) to base 9
-748028
2408418 (base 13) to base 6
1035045023
What is 224320442 (base 5) in base 6?
33355215
What is 6447b (base 13) in base 10?
180932
13b879a (base 13) to base 15
83dd4a
122968 (base 10) to base 9
206611
Convert 284071 (base 10) to base 5.
33042241
Convert b2b3 (base 16) to base 6.
551443
-10439a6 (base 11) to base 3
-10110020120221
Convert 13012403 (base 5) to base 3.
20101210212
8539 (base 12) to base 7
60351
114160432 (base 7) to base 16
6c30c4
1322323 (base 4) to base 7
31636
Convert 15808750 (base 10) to base 5.
13021340000
What is -4020188 (base 9) in base 10?
-2139047
Convert -2cbaa1 (base 14) to base 6.
-53343313
Convert 377488 (base 10) to base 8.
1341220
Convert -12747458 (base 10) to base 4.
-300220023002
What is -4528 (base 14) in base 12?
-6b34
-4b7b7 (base 12) to base 4
-121022323
-44357624 (base 8) to base 12
-3250470
What is 38a46a (base 13) in base 6?
45131525
What is -2102245 (base 6) in base 2?
-11000110011110101
What is 239621 (base 10) in base 16?
3a805
-1000100111000110011101 (base 2) to base 8
-10470635
Convert 3d3c0b (base 15) to base 6.
143113102
Convert 322112242 (base 6) to base 13.
1248263
What is -706022 (base 14) in base 9?
-7102822
533530 (base 7) to base 9
150834
Convert 56032206 (base 7) to base 8.
22334562
187d17 (base 15) to base 4
10202300203
-1433303 (base 5) to base 7
-154533
Convert a979a (base 11) to base 6.
3225413
63150 (base 9) to base 6
520543
What is -32122 (base 8) in base 11?
-a077
cd774 (base 15) to base 8
2373403
Convert -3315251 (base 7) to base 15.
-80b98
-1362593 (base 11) to base 9
-4365007
-2231332033 (base 5) to base 13
-1043819
-3336340 (base 7) to base 11
-262167
Convert -13132102033 (base 4) to base 15.
-28a6da
What is -170b3 (base 14) in base 12?
-29531
Convert 10120222212 (base 3) to base 6.
1303205
10010100001110100000101 (base 2) to base 9
10122610
304400221 (base 5) to base 12
501734
What is -3bb21 (base 15) in base 4?
-232300102
Convert 6a2a14 (base 14) to base 5.
1411243240
What is 696436 (base 11) in base 13?
2c98ab
-204123232 (